ainder when 118971 is divided by 12.
3
What is the remainder when 54678 is divided by 372?
366
Calculate the remainder when 28997 is divided by 210.
17
What is the remainder when 13610 is divided by 4367?
509
What is the remainder when 5883519 is divided by 29?
28
What is the remainder when 18721 is divided by 18719?
2
Calculate the remainder when 12830 is divided by 1276.
70
What is the remainder when 12981 is divided by 12911?
70
What is the remainder when 234405 is divided by 15?
0
What is the remainder when 3622 is divided by 664?
302
Calculate the remainder when 10056 is divided by 455.
46
What is the remainder when 797237 is divided by 78?
77
What is the remainder when 35815 is divided by 199?
194
What is the remainder when 256059 is divided by 3369?
15
Calculate the remainder when 16385 is divided by 1667.
1382
Calculate the remainder when 15997 is divided by 70.
37
What is the remainder when 2143 is divided by 276?
211
Calculate the remainder when 123025 is divided by 1108.
37
What is the remainder when 2809 is divided by 137?
69
Calculate the remainder when 1581 is divided by 226.
225
Calculate the remainder when 1821 is divided by 281.
135
Calculate the remainder when 1815 is divided by 555.
150
What is the remainder when 9420 is divided by 14?
12
What is the remainder when 24159 is divided by 4?
3
Calculate the remainder when 88488 is divided by 39.
36
What is the remainder when 101 is divided by 72?
29
Calculate the remainder when 10703 is divided by 102.
95
Calculate the remainder when 665534 is divided by 217.
212
What is the remainder when 3279 is divided by 3270?
9
What is the remainder when 39405 is divided by 100?
5
What is the remainder when 1096529 is divided by 21?
14
Calculate the remainder when 537450 is divided by 338.
30
Calculate the remainder when 8446930 is divided by 468.
466
What is the remainder when 111196 is divided by 8?
4
Calculate the remainder when 6035 is divided by 28.
15
Calculate the remainder when 9994 is divided by 3319.
37
What is the remainder when 5961 is divided by 7?
4
What is the remainder when 434022 is divided by 70?
22
Calculate the remainder when 5245197 is divided by 36.
33
Calculate the remainder when 9238 is divided by 66.
64
Calculate the remainder when 3962 is divided by 73.
20
What is the remainder when 156893 is divided by 52286?
35
Calculate the remainder when 8923 is divided by 7.
5
Calculate the remainder when 11212 is divided by 2784.
76
Calculate the remainder when 29702 is divided by 3710.
22
What is the remainder when 18636 is divided by 45?
6
Calculate the remainder when 3934 is divided by 334.
260
Calculate the remainder when 20592 is divided by 5127.
84
What is the remainder when 261400 is divided by 130700?
0
Calculate the remainder when 855 is divided by 831.
24
What is the remainder when 169535 is divided by 69?
2
Calculate the remainder when 19652 is divided by 234.
230
What is the remainder when 20164 is divided by 297?
265
Calculate the remainder when 11026 is divided by 11009.
17
Calculate the remainder when 1896 is divided by 1.
0
Calculate the remainder when 64715 is divided by 64638.
77
What is the remainder when 49764 is divided by 317?
312
Calculate the remainder when 465849 is divided by 34.
15
What is the remainder when 5204 is divided by 77?
45
Calculate the remainder when 306190 is divided by 282.
220
What is the remainder when 630243 is divided by 6?
3
What is the remainder when 246845 is divided by 16?
13
What is the remainder when 4885 is divided by 4862?
23
What is the remainder when 124261 is divided by 661?
654
Calculate the remainder when 4069 is divided by 6.
1
What is the remainder when 881047 is divided by 779?
777
Calculate the remainder when 64166 is divided by 244.
238
Calculate the remainder when 2651 is divided by 2643.
8
Calculate the remainder when 14412 is divided by 14.
6
What is the remainder when 11775 is divided by 5881?
13
Calculate the remainder when 38579 is divided by 41.
39
What is the remainder when 4475 is divided by 68?
55
Calculate the remainder when 2301 is divided by 2165.
136
Calculate the remainder when 1124 is divided by 458.
208
Calculate the remainder when 3682 is divided by 1517.
648
Calculate the remainder when 10168 is divided by 363.
4
What is the remainder when 1578 is divided by 279?
183
Calculate the remainder when 45042 is divided by 1318.
230
Calculate the remainder when 12760 is divided by 1819.
27
What is the remainder when 6101 is divided by 165?
161
Calculate the remainder when 277253 is divided by 18.
17
What is the remainder when 43170 is divided by 28?
22
What is the remainder when 1253656 is divided by 108?
100
Calculate the remainder when 656624 is divided by 85.
84
Calculate the remainder when 114858 is divided by 2610.
18
What is the remainder when 1412 is divided by 385?
257
What is the remainder when 138598 is divided by 770?
768
What is the remainder when 286202 is divided by 28620?
2
Calculate the remainder when 565239 is divided by 32.
23
Calculate the remainder when 3148 is divided by 257.
64
Calculate the remainder when 331566 is divided by 81.
33
Calculate the remainder when 478494 is divided by 31.
9
What is the remainder when 125512 is divided by 401?
400
What is the remainder when 9782 is divided by 336?
38
Calculate the remainder when 51680 is divided by 352.
288
What is the remainder when 57394 is divided by 368?
354
Calculate the remainder when 13508 is divided by 6726.
56
Calculate the remainder when 8101 is divided by 1123.
240
Calculate the remainder when 25948 is divided by 8632.
52
Calculate the remainder when 823985 is divided by 63382.
19
Calculate the remainder when 3911519 is divided by 87.
86
Calculate the remainder when 141230 is divided by 32.
14
What is the remainder when 7421 is divided by 225?
221
Calculate the remainder when 607313 is divided by 57.
35
Calculate the remainder when 97449 is divided by 12.
9
What is the remainder when 1934 is divided by 28?
2
Calculate the remainder when 7763 is divided by 1778.
651
Calculate the remainder when 960 is divided by 104.
24
Calculate the remainder when 766338 is divided by 61.
56
What is the remainder when 11916 is divided by 230?
186
What is the remainder when 4961 is divided by 2431?
99
What is the remainder when 117019 is divided by 597?
7
Calculate the remainder when 13964 is divided by 21.
20
Calculate the remainder when 453167 is divided by 5269.
33
What is the remainder when 2971 is divided by 115?
96
Calculate the remainder when 13449 is divided by 1132.
997
What is the remainder when 17019 is divided by 28?
23
What is the remainder when 16522 is divided by 337?
9
Calculate the remainder when 152 is divided by 9.
8
Calculate the remainder when 331970 is divided by 82981.
46
Calculate the remainder when 69143 is divided by 201.
200
What is the remainder when 29031 is divided by 9669?
24
Calculate the remainder when 34544 is divided by 11501.
41
What is the remainder when 12097 is divided by 6028?
41
Calculate the remainder when 47738 is divided by 110.
108
What is the remainder when 3251 is divided by 1037?
140
What is the remainder when 4087 is divided by 3896?
191
What is the remainder when 2523 is divided by 91?
66
Calculate the remainder when 1214 is divided by 191.
68
Calculate the remainder when 17777 is divided by 2962.
5
What is the remainder when 43233 is divided by 800?
33
Calculate the remainder when 159371 is divided by 156.
95
What is the remainder when 35353 is divided by 37?
18
Calculate the remainder when 560877 is divided by 197.
18
What is the remainder when 62995 is divided by 250?
245
Calculate the remainder when 515 is divided by 168.
11
What is the remainder when 29659 is divided by 279?
85
Calculate the remainder when 39849 is divided by 324.
321
What is the remainder when 456904 is divided by 17?
12
What is the remainder when 943112 is divided by 74?
56
Calculate the remainder when 1800 is divided by 400.
200
Calculate the remainder when 51876 is divided by 15.
6
What is the remainder when 17542 is divided by 5107?
2221
Calculate the remainder when 38086 is divided by 9.
7
What is the remainder when 10964 is divided by 132?
8
What is the remainder when 198214 is divided by 9?
7
What is the rem